-3 - d) + -4?
2, 5, 7
Let g(b) be the second derivative of 11*b**4/12 - 7*b**3/6 + b**2/2 - 38*b. List the prime factors of g(3).
79
Let q = 69 + 556. What are the prime factors of q?
5
Let i(p) = -287*p**3 + 4*p**2 + 5*p. List the prime factors of i(-2).
2, 1151
Let p = -845 - -1494. What are the prime factors of p?
11, 59
Let g be ((-119)/2)/(15/10 + -2). Suppose 40 = 3*a - g. What are the prime factors of a?
53
Let m = 55 - 48. Suppose 109 - m = z. List the prime factors of z.
2, 3, 17
What are the prime factors of (-6120)/(-170)*(-421)/(-3)?
2, 3, 421
Suppose -341 - 135 = -y - l, 3*l - 1902 = -4*y. What are the prime factors of y?
2, 3, 79
Let o be -2*-58*3/12. Let j = o + -11. List the prime factors of j.
2, 3
Let m be 2/4*(3 - 3)/3. Suppose 4*l - 9*l + 335 = m. List the prime factors of l.
67
Let a = 463 - 50. Let o = a - 255. What are the prime factors of o?
2, 79
Suppose -6*k + 3*k - 36 = 0. Let q be (-16)/(-6) - (-8)/k. Suppose -q*w = 2 - 40. List the prime factors of w.
19
Let c(f) = -177*f + 84. What are the prime factors of c(-5)?
3, 17, 19
Let x(p) = 14*p**2 - 17*p - 22. What are the prime factors of x(10)?
2, 151
Let i(v) = 4*v - 2. Let n(c) = -23*c + 13. Let t(a) = 34*i(a) + 6*n(a). Let w be t(8). List the prime factors of (62/w)/((-1)/3).
31
Let j be (29 - 26)/((-10)/(-4) + -1). Suppose 3*q + q = -12. List the prime factors of j/q*120/(-2).
2, 5
Suppose 692 = -2*w - 180. Suppose 3*v = -v - 84. What are the prime factors of 3/v + w/(-14)?
31
Let i(c) = -6*c - 11. Let x(g) = -10*g - 1. Let p be x(2). Let y = p - -17. What are the prime factors of i(y)?
13
Let w(y) be the first derivative of -39*y**2/2 + 24*y + 12. What are the prime factors of w(-3)?
3, 47
Let j = 4124 + -2746. What are the prime factors of j?
2, 13, 53
Let b = 7 - 28. What are the prime factors of (-14)/b*279/2?
3, 31
Suppose 3*z + 139 = -260. Let x = -72 - z. What are the prime factors of x?
61
Suppose 4*w = 7*w - 99. Let l = w - 12. What are the prime factors of l?
3, 7
Suppose 3*s - 2*q - 78 = 2*q, 2*s + 4*q = 52. What are the prime factors of (((-164)/3)/(-1))/(s/39)?
2, 41
What are the prime factors of ((-1)/(-4))/(13/45656)?
2, 439
Suppose 11*o - 18772 = -8*o. What are the prime factors of o?
2, 13, 19
Suppose -3*o = -5*z, -3*o + 9 = 3*z - 5*z. Suppose -2*s - 4*j + 42 = 0, -4*s + o*j + 110 = -0*s. List the prime factors of s.
5
Suppose 0 = -3*n + 4*h + 40, -5*n - 4*h + 25 = -31. Let l be (-15)/6*n/(-10). Suppose 0 = l*t + 5 - 29. What are the prime factors of t?
2
Let k(u) = 3*u + 21. Let v be k(-7). Suppose v = -4*l + 5*a + 86 + 143, -179 = -4*l - 5*a. What are the prime factors of l?
3, 17
Let w = 522 + -204. What are the prime factors of w?
2, 3, 53
Let k be 7/(42/(-164)) + (-4)/6. Let y be 1/(1/57) - 1. Let u = k + y. What are the prime factors of u?
2, 7
Let a(d) = -3*d + 29. Let m be a(13). Suppose -35 = 6*z - z. Let p = z - m. List the prime factors of p.
3
Suppose -4*q + 8 = n, -40 = -5*n - 2*q + 6*q. Suppose -3*o = -98 + n. List the prime factors of o.
2, 3, 5
Let o be 1 - (-250)/(6 - 1). Suppose 4*w - 109 = o. List the prime factors of w.
2, 5
List the prime factors of (-6)/2 + 1 + -4 + 398.
2, 7
Let z(s) = -s - 1. Let q be z(4). List the prime factors of q + 7/(14/160).
3, 5
Let h = 24 - 20. Suppose -h*f - 85 = -901. List the prime factors of f.
2, 3, 17
Let b(c) = -99*c**3 - 2*c**2 - 2*c - 1. Suppose -u - 3 = 2*u. List the prime factors of b(u).
2, 7
Suppose -4*t = -5*l - 6528, 2*t - 9*l - 3270 = -8*l. List the prime factors of t.
1637
Suppose 3*w - 222 = 99. What are the prime factors of w?
107
Let y(j) = 4*j**2 + 17*j - 21. List the prime factors of y(9).
2, 3, 19
Let r(l) be the first derivative of -l**3/3 + 9*l**2/2 + 10*l - 14. What are the prime factors of r(7)?
2, 3
Let f(y) = -667*y - 40. What are the prime factors of f(-3)?
37, 53
Let k(b) = -2*b**3 - 5*b**2 + 2*b. Let m be k(-3). Suppose 0*d + 4*d - 24 = -4*o, -m*o = -3*d + 36. List the prime factors of d.
3
Let o = -21 - -21. Suppose 7*t - 8*t + 8 = o. List the prime factors of t.
2
Let b = 0 + 3. Let l(k) = k**2 + 19*k + 34. Let c be l(-17). Suppose c*g - b = -g. What are the prime factors of g?
3
Let z = 204 - 116. Let q = 150 - z. List the prime factors of q.
2, 31
Suppose 4*h - p + 458 = p, 3*h + 354 = -2*p. Let q = 225 + h. What are the prime factors of q?
109
Let z = 2607 + -1383. List the prime factors of z.
2, 3, 17
Let d be (-281)/(-3) - 10/(-30). Suppose -5*i + i + 2*l = -416, -i + d = -3*l. What are the prime factors of i?
2, 53
Suppose 4*x + 704 = 5*x. List the prime factors of x/14 + 18/(-63).
2, 5
Suppose -6 = -p - 10. List the prime factors of 0/(-4) + 51 - p.
5, 11
Suppose 168*y = 183*y - 32115. What are the prime factors of y?
2141
Let i(m) = 46*m**2 - 8*m - 25. List the prime factors of i(-4).
743
Let x(v) = -v - 1. Let u be x(-3). Suppose -k + 5*a = -u, 0*a + 40 = 3*k + 2*a. List the prime factors of (2 - -14)*k/8.
2, 3
Suppose -4*a = 4*p - 78 - 74, -3*p + 116 = 5*a. What are the prime factors of p?
37
Let x be (-24)/32*4/(-6)*38. Suppose -x*o + 1623 = -4362. List the prime factors of o.
3, 5, 7
Let o = -3 - -3. Let x(a) = a**2 + 4*a + 3. Let p be x(-7). Suppose 4*h - h - p = o. List the prime factors of h.
2
Suppose -4*i = 2*d - d - 63, 5*i - 95 = 2*d. Suppose 3*k + 5 = -4, -k = -5*f - i. Let p(u) = -10*u - 11. List the prime factors of p(f).
29
Suppose -3*n + 4*f = n - 3428, 2*f = -10. What are the prime factors of n?
2, 3, 71
Let p = -1385 + 2220. What are the prime factors of p?
5, 167
Suppose 140 - 50 = 3*s. Let a = -51 - -71. Let l = s - a. List the prime factors of l.
2, 5
Let r = -2831 - -5585. What are the prime factors of r?
2, 3, 17
Let s(j) be the second derivative of j**5/20 + j**4 + 7*j**3/3 - 5*j**2 + 2*j. List the prime factors of s(-10).
2, 5
Let j(q) = 2 + 2522*q**2 + q + 0*q - 2483*q**2. List the prime factors of j(-1).
2, 5
Suppose -44 - 42 = -4*t - 2*m, 2*t - 5*m = 37. List the prime factors of t.
3, 7
Suppose 4*m - 720 = -4*m. Let v = m + 133. What are the prime factors of v?
223
Let g = -58 - -61. Suppose g*i + 485 = 4*u + 87, 0 = -5*u - i + 507. What are the prime factors of u?
101
What are the prime factors of 7524/(-30)*(-25)/10?
3, 11, 19
Suppose 0 = 2*n + 4*f - 40, -2*n + f + 3*f = -72. List the prime factors of n.
2, 7
Let d be (8/6)/((-10)/8775). Let x be d/35 + (-6)/(-14). Let i = x - -56. List the prime factors of i.
23
Let d = 453 + -229. What are the prime factors of d?
2, 7
Let x be (1 - -1) + (-58)/(-1). Let r = 89 - x. Let p = r - 23. List the prime factors of p.
2, 3
Let d(i) = i**3 + 3*i**2 - 8*i - 15. Let b be d(-6). What are the prime factors of 17 - (b/(-5))/5?
2, 7
Let p be 3 + -2 + 4 - 0. Let w = -79 + 74. List the prime factors of -2*w/(p/6).
2, 3
Let t be 1 + 4 + (3 - 3). Suppose -f - i = 17, f + 0*i + 29 = -t*i. Let g = f - -45. What are the prime factors of g?
31
Let w = 114 - 118. List the prime factors of 55/44 - 711/w.
179
Let l = -26 - -110. Let t = l - 8. List the prime factors of t.
2, 19
Let p(c) = c**2 - 4*c + 4. Let k be p(4). Let i(g) = 8*g - 109. Let h be i(14). Suppose k*a = h*q + 175, -3*q + 2*q - 125 = -3*a. List the prime factors of a.
2, 5
Let t = 7 + -5. Suppose -t*z - 74 = -3*z. List the prime factors of z.
2, 37
List the prime factors of (-457230)/(-70) - 66/77.
3, 7, 311
Suppose 0 = 6*h + 10 + 50. Let a(s) = s**2 + 10*s + 2. Let q be a(h). Suppose -2*o = 5*r - 63, -q*r + 4*r + 18 = o. List the prime factors of o.
2, 3
Let q(n) = -9*n - 5. Let c be q(-1). Suppose -2*x - 48 = j - 122, -c*j + 5*x = -296. List the prime factors of j.
2, 37
Suppose 3*k + 3*u = 414, -2*k = -0*u - 5*u - 255. Let v = 236 - k. List the prime factors of v.
101
Let w(o) = o**2 + 16*o + 15. Let l be w(-15). Let p(m) be the first derivative of -m**4/4 - m**3/3 - m**2/2 + 23*m - 1. List the prime factors of p(l).
23
Let w = -6230 - -8727. What are the prime factors of w?
11, 227
Suppose 2 + 31 = 3*h - 3*z, -19 = -5*h - 4*z. Suppose -d + 35 = -3*q, 0 = 3*d + q - 78 - h. List the prime factors of d.
29
Suppose -w + 2 = 0, -5*w = 5*n - 1524 - 841. What are the prime factors of n?
3, 157
Let j(w) = -w**3 + 21*w**2 + 24*w - 16. What are the prime factors of j(21)?
2, 61
Let s(p) = p**3 - 17*p**2 + 17*p - 10. Suppose 80 = -2*c + 